{"id":297,"date":"2025-12-05T16:57:22","date_gmt":"2025-12-05T16:57:22","guid":{"rendered":"https:\/\/test.nazali.com\/blog\/?page_id=297"},"modified":"2025-12-09T09:11:12","modified_gmt":"2025-12-09T09:11:12","slug":"premium-pension-consultancy-services","status":"publish","type":"page","link":"https:\/\/test.nazali.com\/blog\/premium-pension-consultancy-services\/","title":{"rendered":"Premium Pension Consultancy Services"},"content":{"rendered":"\t\t<div data-elementor-type=\"wp-page\" data-elementor-id=\"297\" class=\"elementor elementor-297\" data-elementor-post-type=\"page\">\n\t\t\t\t<div class=\"elementor-element elementor-element-119faa0 e-flex e-con-boxed e-con e-parent\" data-id=\"119faa0\" data-element_type=\"container\" data-e-type=\"container\" data-settings=\"{&quot;background_background&quot;:&quot;classic&quot;}\">\n\t\t\t\t\t<div class=\"e-con-inner\">\n\t\t<div class=\"elementor-element elementor-element-ddf14c4 e-con-full e-flex e-con e-child\" data-id=\"ddf14c4\" data-element_type=\"container\" data-e-type=\"container\">\n\t\t\t\t<\/div>\n\t\t\t\t\t<\/div>\n\t\t\t\t<\/div>\n\t\t<div class=\"elementor-element elementor-element-c55efde e-flex e-con-boxed e-con e-parent\" data-id=\"c55efde\" data-element_type=\"container\" data-e-type=\"container\">\n\t\t\t\t\t<div class=\"e-con-inner\">\n\t\t<div class=\"elementor-element elementor-element-add70fb e-con-full e-flex e-con e-child\" data-id=\"add70fb\" data-element_type=\"container\" data-e-type=\"container\">\n\t\t\t\t<div class=\"elementor-element elementor-element-e7b5408 elementor-widget elementor-widget-heading\" data-id=\"e7b5408\" data-element_type=\"widget\" data-e-type=\"widget\" data-widget_type=\"heading.default\">\n\t\t\t\t\t<h2 class=\"elementor-heading-title elementor-size-default\">Premium Retirement Consultancy Services Designed to Maximize Social Security Benefits and Strengthen Long-Term Financial Security<\/h2>\t\t\t\t<\/div>\n\t\t\t\t<div class=\"elementor-element elementor-element-0218a6d elementor-widget elementor-widget-text-editor\" data-id=\"0218a6d\" data-element_type=\"widget\" data-e-type=\"widget\" data-widget_type=\"text-editor.default\">\n\t\t\t\t\t\t\t\t\tNAZALI offers legal defence and consultancy services to many national and international clients with its experienced and dependable staff. The basic philosophy of NAZALI is to provide our clients with the most comprehensive service in a timely manner based on trust. We believe in long term relationship with our clients and in this context, we started to offer Premium Retirement Consultancy Service.\n\n \t\t\t\t\t\t\t\t<\/div>\n\t\t\t\t<div class=\"elementor-element elementor-element-8d7f764 elementor-widget elementor-widget-text-editor\" data-id=\"8d7f764\" data-element_type=\"widget\" data-e-type=\"widget\" data-widget_type=\"text-editor.default\">\n\t\t\t\t\t\t\t\t\tWith the Social Security Institution Law numbered 5502, the legal entities of Emekli Sand\u0131\u011f\u0131, Ba\u011f-Kur and Social Insurance Institution ended, and these institutions are now unified under one roof titled Social Security Institution. Social Security and General Health Insurance Law No. 5510 entered into force on October 1, 2008, and a new period in social security began. Changes in the pension transactions are quite extensive and detailed.\t\t\t\t\t\t\t\t<\/div>\n\t\t\t\t<div class=\"elementor-element elementor-element-393cb67 elementor-widget elementor-widget-text-editor\" data-id=\"393cb67\" data-element_type=\"widget\" data-e-type=\"widget\" data-widget_type=\"text-editor.default\">\n\t\t\t\t\t\t\t\t\tPre-determining and drafting retirement planning and acting accordingly, avoiding premium losses due to service conflicts, determining the appropriate domestic and international borrowing period and amount, determining the insurance status of shareholders of capital companies are vital points to consider in terms of receiving high retirement pensions. Receiving the highest pension by paying affordable premiums requires good planning. As NAZALI, we provide professional support to all our employers and policyholders with our expert staff who worked in allocation issues for many years at the Social Security Institution as auditors. We offer the most appropriate pension choice in line with constantly changing and updated allocation legislation and conditions\t\t\t\t\t\t\t\t<\/div>\n\t\t\t\t<div class=\"elementor-element elementor-element-e84b12c elementor-widget elementor-widget-heading\" data-id=\"e84b12c\" data-element_type=\"widget\" data-e-type=\"widget\" data-widget_type=\"heading.default\">\n\t\t\t\t\t<h2 class=\"elementor-heading-title elementor-size-default\">Services we provide within the scope of Premium Pension Consultancy Services:<\/h2>\t\t\t\t<\/div>\n\t\t\t\t<\/div>\n\t\t\t\t\t<\/div>\n\t\t\t\t<\/div>\n\t\t<div class=\"elementor-element elementor-element-c37b511 e-flex e-con-boxed e-con e-parent\" data-id=\"c37b511\" data-element_type=\"container\" data-e-type=\"container\">\n\t\t\t\t\t<div class=\"e-con-inner\">\n\t\t<div class=\"elementor-element elementor-element-accfa85 e-con-full e-flex e-con e-child\" data-id=\"accfa85\" data-element_type=\"container\" data-e-type=\"container\">\n\t\t\t\t<div class=\"elementor-element elementor-element-6c9bf96 elementor-widget elementor-widget-heading\" data-id=\"6c9bf96\" data-element_type=\"widget\" data-e-type=\"widget\" data-widget_type=\"heading.default\">\n\t\t\t\t\t<h2 class=\"elementor-heading-title elementor-size-default\">Work Accident and Occupational Disease Procedures<\/h2>\t\t\t\t<\/div>\n\t\t\t\t<div class=\"elementor-element elementor-element-fb1e6a8 elementor-widget elementor-widget-text-editor\" data-id=\"fb1e6a8\" data-element_type=\"widget\" data-e-type=\"widget\" data-widget_type=\"text-editor.default\">\n\t\t\t\t\t\t\t\t\t<ul><li>Continuous incapacity to work pension and death income affiliation process<\/li><li>Integration of services in work accident and occupational diseases<\/li><li>Transactions concerning dismissal of continuous job disqualification<\/li><\/ul>\t\t\t\t\t\t\t\t<\/div>\n\t\t\t\t<div class=\"elementor-element elementor-element-c32836c elementor-widget elementor-widget-heading\" data-id=\"c32836c\" data-element_type=\"widget\" data-e-type=\"widget\" data-widget_type=\"heading.default\">\n\t\t\t\t\t<h2 class=\"elementor-heading-title elementor-size-default\">Invalidity Consideration Process<\/h2>\t\t\t\t<\/div>\n\t\t\t\t<div class=\"elementor-element elementor-element-9447136 elementor-widget elementor-widget-text-editor\" data-id=\"9447136\" data-element_type=\"widget\" data-e-type=\"widget\" data-widget_type=\"text-editor.default\">\n\t\t\t\t\t\t\t\t\t<ul><li>Invalidity pension application<\/li><li>Invalidity salvage cut-off and restart operations<\/li><li>Control inspection procedures<\/li><\/ul>\t\t\t\t\t\t\t\t<\/div>\n\t\t\t\t<div class=\"elementor-element elementor-element-8563796 elementor-widget elementor-widget-heading\" data-id=\"8563796\" data-element_type=\"widget\" data-e-type=\"widget\" data-widget_type=\"heading.default\">\n\t\t\t\t\t<h2 class=\"elementor-heading-title elementor-size-default\">Old-age Pension Procedures<\/h2>\t\t\t\t<\/div>\n\t\t\t\t<div class=\"elementor-element elementor-element-b5d37ac elementor-widget elementor-widget-text-editor\" data-id=\"b5d37ac\" data-element_type=\"widget\" data-e-type=\"widget\" data-widget_type=\"text-editor.default\">\n\t\t\t\t\t\t\t\t\t<ul><li>Old-age pension application<\/li><li>Old-age pension cut-off and restart operations<\/li><li>Determination of whether the conditions of gratification have not occurred after the salary is affected and salary restart operations<\/li><li>Suspension and restart of salary of employees whose employment contracts are terminated and Reinstated by a court decision<\/li><\/ul>\t\t\t\t\t\t\t\t<\/div>\n\t\t\t\t<div class=\"elementor-element elementor-element-3610b1a elementor-widget elementor-widget-heading\" data-id=\"3610b1a\" data-element_type=\"widget\" data-e-type=\"widget\" data-widget_type=\"heading.default\">\n\t\t\t\t\t<h2 class=\"elementor-heading-title elementor-size-default\">Survivor\u2019s Pension Processes <\/h2>\t\t\t\t<\/div>\n\t\t\t\t<div class=\"elementor-element elementor-element-412ff57 elementor-widget elementor-widget-text-editor\" data-id=\"412ff57\" data-element_type=\"widget\" data-e-type=\"widget\" data-widget_type=\"text-editor.default\">\n\t\t\t\t\t\t\t\t\t<ul><li>Survivor\u2019s pension application<\/li><li>Procedures for sharing survivor\u2019s pension to rightsholders<\/li><li>Transactions for granting marriage and funeral allowance<\/li><li>Cut-Off, restarting and status changes procedures<\/li><li>Invalidity, old-age, and survivor\u2019s pension calculation procedure<\/li><li>Income and pension merger procedures<\/li><li>Old-age and survivor\u2019s pension lumpsum payments<\/li><li>Reclaim procedures of survivor\u2019s pension and old age lumpsum payments<\/li><\/ul>\t\t\t\t\t\t\t\t<\/div>\n\t\t\t\t<\/div>\n\t\t<div class=\"elementor-element elementor-element-76b6ce7 e-con-full e-flex e-con e-child\" data-id=\"76b6ce7\" data-element_type=\"container\" data-e-type=\"container\">\n\t\t\t\t<div class=\"elementor-element elementor-element-e2ff40e elementor-widget elementor-widget-heading\" data-id=\"e2ff40e\" data-element_type=\"widget\" data-e-type=\"widget\" data-widget_type=\"heading.default\">\n\t\t\t\t\t<h2 class=\"elementor-heading-title elementor-size-default\">Social Security Support Premium Transactions<\/h2>\t\t\t\t<\/div>\n\t\t\t\t<div class=\"elementor-element elementor-element-9fe0999 elementor-widget elementor-widget-text-editor\" data-id=\"9fe0999\" data-element_type=\"widget\" data-e-type=\"widget\" data-widget_type=\"text-editor.default\">\n\t\t\t\t\t\t\t\t\t<ul><li>Social security support primary application and cut-off follow-up<\/li><li>Detection and evaluation of judicial payments<\/li><\/ul>\t\t\t\t\t\t\t\t<\/div>\n\t\t\t\t<div class=\"elementor-element elementor-element-2ddf1c1 elementor-widget elementor-widget-heading\" data-id=\"2ddf1c1\" data-element_type=\"widget\" data-e-type=\"widget\" data-widget_type=\"heading.default\">\n\t\t\t\t\t<h2 class=\"elementor-heading-title elementor-size-default\">Transactions Related to Agricultural Insurances<\/h2>\t\t\t\t<\/div>\n\t\t\t\t<div class=\"elementor-element elementor-element-6fc285e elementor-widget elementor-widget-text-editor\" data-id=\"6fc285e\" data-element_type=\"widget\" data-e-type=\"widget\" data-widget_type=\"text-editor.default\">\n\t\t\t\t\t\t\t\t\t<ul><li>Procedures for the application of invalidity, old age, and survivor\u2019s pension of insurances subject to Laws No: 2925 and 2926<\/li><\/ul>\t\t\t\t\t\t\t\t<\/div>\n\t\t\t\t<div class=\"elementor-element elementor-element-013fd81 elementor-widget elementor-widget-heading\" data-id=\"013fd81\" data-element_type=\"widget\" data-e-type=\"widget\" data-widget_type=\"heading.default\">\n\t\t\t\t\t<h2 class=\"elementor-heading-title elementor-size-default\">Overseas Insurance Procedures<\/h2>\t\t\t\t<\/div>\n\t\t\t\t<div class=\"elementor-element elementor-element-6f109d9 elementor-widget elementor-widget-text-editor\" data-id=\"6f109d9\" data-element_type=\"widget\" data-e-type=\"widget\" data-widget_type=\"text-editor.default\">\n\t\t\t\t\t\t\t\t\t<ul><li>Pension foreign borrowing transactions employees in countries with signed social security agreements<\/li><\/ul>\t\t\t\t\t\t\t\t<\/div>\n\t\t\t\t<div class=\"elementor-element elementor-element-b590326 elementor-widget elementor-widget-heading\" data-id=\"b590326\" data-element_type=\"widget\" data-e-type=\"widget\" data-widget_type=\"heading.default\">\n\t\t\t\t\t<h2 class=\"elementor-heading-title elementor-size-default\">Domestic Borrowing and Service Combination Procedures<\/h2>\t\t\t\t<\/div>\n\t\t\t\t<div class=\"elementor-element elementor-element-f235b60 elementor-widget elementor-widget-text-editor\" data-id=\"f235b60\" data-element_type=\"widget\" data-e-type=\"widget\" data-widget_type=\"text-editor.default\">\n\t\t\t\t\t\t\t\t\t<ul><li>Birth or maternity leave transactions<\/li><li>Borrowing procedures for private reserve officers<\/li><li>Borrowing procedures for law internship, Ph.D., and specialized study periods<\/li><li>Borrowing procedures for strike and lockouts<\/li><\/ul>\t\t\t\t\t\t\t\t<\/div>\n\t\t\t\t<div class=\"elementor-element elementor-element-8467c45 elementor-widget elementor-widget-heading\" data-id=\"8467c45\" data-element_type=\"widget\" data-e-type=\"widget\" data-widget_type=\"heading.default\">\n\t\t\t\t\t<h2 class=\"elementor-heading-title elementor-size-default\">Domestic Service Combinations<\/h2>\t\t\t\t<\/div>\n\t\t\t\t<div class=\"elementor-element elementor-element-4104e92 elementor-widget elementor-widget-text-editor\" data-id=\"4104e92\" data-element_type=\"widget\" data-e-type=\"widget\" data-widget_type=\"text-editor.default\">\n\t\t\t\t\t\t\t\t\t<ul><li>Consolidation procedures for different domestic insurance status<\/li><\/ul>\t\t\t\t\t\t\t\t<\/div>\n\t\t\t\t<div class=\"elementor-element elementor-element-9e34c59 elementor-widget elementor-widget-heading\" data-id=\"9e34c59\" data-element_type=\"widget\" data-e-type=\"widget\" data-widget_type=\"heading.default\">\n\t\t\t\t\t<h2 class=\"elementor-heading-title elementor-size-default\">Procedures Subject to Law 2022<\/h2>\t\t\t\t<\/div>\n\t\t\t\t<div class=\"elementor-element elementor-element-cc9fc80 elementor-widget elementor-widget-text-editor\" data-id=\"cc9fc80\" data-element_type=\"widget\" data-e-type=\"widget\" data-widget_type=\"text-editor.default\">\n\t\t\t\t\t\t\t\t\t<ul><li>Disabled pension and disabled salary application procedures and disabled relative pension transactions<\/li><\/ul>\t\t\t\t\t\t\t\t<\/div>\n\t\t\t\t<\/div>\n\t\t\t\t\t<\/div>\n\t\t\t\t<\/div>\n\t\t\t\t<\/div>\n\t\t","protected":false},"excerpt":{"rendered":"<p>Premium Retirement Consultancy Services Designed to Maximize Social Security Benefits and Strengthen Long-Term Financial Security NAZALI offers legal defence and consultancy services to many national and international clients with its experienced and dependable staff. The basic philosophy of NAZALI is to provide our clients with the most comprehensive service in a timely manner based on&hellip; <a class=\"more-link\" href=\"https:\/\/test.nazali.com\/blog\/premium-pension-consultancy-services\/\">Continue reading <span class=\"screen-reader-text\">Premium Pension Consultancy Services<\/span><\/a><\/p>\n","protected":false},"author":1,"featured_media":0,"parent":0,"menu_order":0,"comment_status":"closed","ping_status":"closed","template":"elementor_header_footer","meta":{"footnotes":""},"class_list":["post-297","page","type-page","status-publish","hentry","entry"],"_links":{"self":[{"href":"https:\/\/test.nazali.com\/blog\/wp-json\/wp\/v2\/pages\/297","targetHints":{"allow":["GET"]}}],"collection":[{"href":"https:\/\/test.nazali.com\/blog\/wp-json\/wp\/v2\/pages"}],"about":[{"href":"https:\/\/test.nazali.com\/blog\/wp-json\/wp\/v2\/types\/page"}],"author":[{"embeddable":true,"href":"https:\/\/test.nazali.com\/blog\/wp-json\/wp\/v2\/users\/1"}],"replies":[{"embeddable":true,"href":"https:\/\/test.nazali.com\/blog\/wp-json\/wp\/v2\/comments?post=297"}],"version-history":[{"count":10,"href":"https:\/\/test.nazali.com\/blog\/wp-json\/wp\/v2\/pages\/297\/revisions"}],"predecessor-version":[{"id":1045,"href":"https:\/\/test.nazali.com\/blog\/wp-json\/wp\/v2\/pages\/297\/revisions\/1045"}],"wp:attachment":[{"href":"https:\/\/test.nazali.com\/blog\/wp-json\/wp\/v2\/media?parent=297"}],"curies":[{"name":"wp","href":"https:\/\/api.w.org\/{rel}","templated":true}]}}